{"id":6284,"date":"2023-01-09T10:50:25","date_gmt":"2023-01-09T09:50:25","guid":{"rendered":"https:\/\/lamfitriona.com\/aviso-legal\/"},"modified":"2024-09-04T16:55:48","modified_gmt":"2024-09-04T16:55:48","slug":"avis-legal","status":"publish","type":"page","link":"https:\/\/lamfitriona.com\/ca\/avis-legal\/","title":{"rendered":"Av\u00eds Legal"},"content":{"rendered":"\t\t<div data-elementor-type=\"wp-page\" data-elementor-id=\"6284\" class=\"elementor elementor-6284 elementor-4512\" data-elementor-post-type=\"page\">\n\t\t\t\t\t\t<section class=\"elementor-section elementor-top-section elementor-element elementor-element-3715fc7 elementor-section-boxed elementor-section-height-default elementor-section-height-default\" data-id=\"3715fc7\" data-element_type=\"section\">\n\t\t\t\t\t\t<div class=\"elementor-container elementor-column-gap-default\">\n\t\t\t\t\t<div class=\"elementor-column elementor-col-100 elementor-top-column elementor-element elementor-element-f5a074a\" data-id=\"f5a074a\" data-element_type=\"column\">\n\t\t\t<div class=\"elementor-widget-wrap elementor-element-populated\">\n\t\t\t\t\t\t<div class=\"elementor-element elementor-element-5e1dab8 elementor-widget elementor-widget-spacer\" data-id=\"5e1dab8\" data-element_type=\"widget\" data-widget_type=\"spacer.default\">\n\t\t\t\t\t\t\t<div class=\"elementor-spacer\">\n\t\t\t<div class=\"elementor-spacer-inner\"><\/div>\n\t\t<\/div>\n\t\t\t\t\t\t<\/div>\n\t\t\t\t\t<\/div>\n\t\t<\/div>\n\t\t\t\t\t<\/div>\n\t\t<\/section>\n\t\t\t\t<section class=\"elementor-section elementor-top-section elementor-element elementor-element-05e1d98 elementor-section-boxed elementor-section-height-default elementor-section-height-default\" data-id=\"05e1d98\" data-element_type=\"section\">\n\t\t\t\t\t\t<div class=\"elementor-container elementor-column-gap-default\">\n\t\t\t\t\t<div class=\"elementor-column elementor-col-100 elementor-top-column elementor-element elementor-element-448a5ce\" data-id=\"448a5ce\" data-element_type=\"column\">\n\t\t\t<div class=\"elementor-widget-wrap elementor-element-populated\">\n\t\t\t\t\t\t<div class=\"elementor-element elementor-element-0d88e1f elementor-widget elementor-widget-text-editor\" data-id=\"0d88e1f\" data-element_type=\"widget\" data-widget_type=\"text-editor.default\">\n\t\t\t\t\t\t\t\t\t<div>Denominaci\u00f3 Social: LAURA DANIELA ALAMARU<\/div>\n<div>Nom Comercial: L&#8217; amfitriona<\/div>\n<div>Domicili Social: Av Flora Cadena, 11, baixos, 25594, Rialp, Lleida<\/div>\n<div>CIF \/ NIF: Y0357268T<\/div>\n<div>Tel\u00e8fon: <a href=\"tel: 642%20142%20040\">642 142 040<\/a><\/div>\n<div>\n<p>E-mail: <a href=\"mailto:info@lamfitriona.com\">info@lamfitriona.com<\/a><\/p>\n<\/div>\n<div>\n<p><strong>OBJECTE<\/strong><\/p>\n<\/div>\n<div>El prestador, responsable del lloc web, posa a disposici\u00f3 dels usuaris el present document amb el qual pret\u00e9n donar compliment a les obligacions disposades en la Llei 34\/2002, de Serveis de la Societat de la Informaci\u00f3 i del Comer\u00e7 Electr\u00f2nic (LSSI-CE), aix\u00ed com informar a tots els usuaris del lloc web respecte a quines s\u00f3n les condicions d&#8217;\u00fas del lloc web.<\/div>\n<div>Tota persona que accedeixi a aquest lloc web assumeix el paper d&#8217;usuari, comprometent-se a l&#8217;observan\u00e7a i compliment rigor\u00f3s de les disposicions aqu\u00ed disposades, aix\u00ed com a qualssevol una altra disposici\u00f3 legal que fos d&#8217;aplicaci\u00f3.<\/div>\n<div>\n<p>El prestador es reserva el dret a modificar qualsevol tipus d&#8217;informaci\u00f3 que pogu\u00e9s apar\u00e8ixer al lloc web, sense que hi hagi obligaci\u00f3 de preavisar o posar en coneixement dels usuaris aquestes obligacions, entenent-se com a suficient amb la publicaci\u00f3 al lloc web del prestador.<\/p>\n<\/div>\n<div>\n<p><strong>RESPONSABILITAT<\/strong><\/p>\n<\/div>\n<div>El prestador s&#8217;eximeix de qualsevol tipus de responsabilitat derivada de la informaci\u00f3 publicada al seu lloc web, sempre que aquesta informaci\u00f3 hagi estat manipulada o introdu\u00efda per un tercer ali\u00e8 al mateix.<\/div>\n<div>\n<p>El lloc web del prestador pot utilitzar cookies (petits arxius d&#8217;informaci\u00f3 que el servidor envia a l&#8217;ordinador de qui accedeix a la p\u00e0gina) per dur a terme determinades funcions que s\u00f3n considerades imprescindibles per al correcte funcionament i visualitzaci\u00f3 del lloc.<br \/>\nLes cookies utilitzades en el lloc web tenen, en tot cas, car\u00e0cter temporal amb l&#8217;\u00fanica finalitat de fer m\u00e9s efica\u00e7 la seva transmissi\u00f3 ulterior i desapareixen en acabar la sessi\u00f3 de l&#8217;usuari.<br \/>\nEn cap cas s&#8217;utilitzaran les cookies per recollir informaci\u00f3 de car\u00e0cter personal, veure <a href=\"https:\/\/lamfitriona.com\/ca\/politica-de-cookies\/\">informaci\u00f3 cookies.<\/a>  <\/p>\n<\/div>\n<div>\n<p>Des del lloc web del client \u00e9s possible que es redirigi a continguts de tercers llocs web.<br \/>\nAt\u00e8s que el prestador no pot controlar sempre els continguts introdu\u00efts pels tercers en els seus llocs web, aquest no assumeix cap tipus de responsabilitat respecte a aquests continguts.<br \/>\nEn tot cas, el prestador manifesta que procedir\u00e0 a la retirada immediata de qualsevol contingut que pogu\u00e9s contravenir la legislaci\u00f3 nacional o internacional, la moral o l&#8217;ordre p\u00fablic, procedint a la retirada immediata de la redirecci\u00f3 a aquest lloc web, posant en coneixement de les autoritats competents el contingut en q\u00fcesti\u00f3.  <\/p>\n<\/div>\n<div>\n<p>El prestador no es fa responsable de la informaci\u00f3 i continguts emmagatzemats, a t\u00edtol enunciatiu per\u00f2 no limitatiu, en f\u00f2rums, xats, generadors de blogs, comentaris, xarxes socials o qualsevol altre mitj\u00e0 que permeti a tercers publicar continguts de forma independent a la p\u00e0gina web del prestador.<br \/>\nNo obstant aix\u00f2 i en compliment del que disposa l&#8217; art. ~ ~ ~ 11 i 16 de la LSSI-CE, el prestador es posa a disposici\u00f3 de tots els usuaris, autoritats i forces de seguretat, i col.laborant de forma activa en la retirada o en el seu cas bloqueig de tots aquells continguts que poguessin afectar o contravenir la legislaci\u00f3 nacional,  o internacional, drets de tercers o la moral i l&#8217;ordre p\u00fablic.<br \/>\nEn cas que l&#8217;usuari consideri que existeix al lloc web algun contingut que pogu\u00e9s ser susceptible d&#8217;aquesta classificaci\u00f3, es prega ho notifiqui de forma immediata a l&#8217;administrador del lloc web.  <\/p>\n<\/div>\n<div>\n<p>Aquest lloc web ha estat revisat i provat perqu\u00e8 funcioni correctament.<br \/>\nEn principi, es pot garantir el correcte funcionament els 365 dies de l&#8217; any, 24 hores al dia.<br \/>\nNo obstant aix\u00f2, el prestador no descarta la possibilitat que hi hagi certs errors de programaci\u00f3, o que s&#8217;esdevinguin causes de for\u00e7a major, cat\u00e0strofes naturals, vagues, o circumst\u00e0ncies semblants que facin impossible l&#8217;acc\u00e9s a la p\u00e0gina web.  <\/p>\n<\/div>\n<div>\n<p><strong>PROTECCI\u00d3 DE DADES PERSONALS<\/strong><\/p>\n<\/div>\n<div>\n<p>El prestador es troba profundament comprom\u00e8s amb el compliment de la normativa espanyola de protecci\u00f3 de dades de car\u00e0cter personal, i garanteix el compliment \u00edntegre de les obligacions de la Llei Org\u00e0nica 3\/2018, de 5 de desembre, de Protecci\u00f3 de Dades Personals i garantia dels drets digitals, aix\u00ed com la implementaci\u00f3 de les mesures de seguretat disposades en el REGLAMENT (UE) 2016\/679 DEL PARLAMENT EUROPEU I DEL CONSELL de 27 d&#8217;abril de 2016 relatiu a la protecci\u00f3 de les persones f\u00edsiques pel que fa al tractament de dades personals i a la lliure circulaci\u00f3 d&#8217;aquestes dades (RGPD).<br \/>\nEl prestador posa a disposici\u00f3 dels usuaris la Pol\u00edtica de Privacitat de l&#8217; entitat informant els usuaris segons l&#8217; especificat als articles 13 i 14 del RGPD, relatius al dret d&#8217; informaci\u00f3 de les persones interessades. <\/p>\n<\/div>\n<div>\n<p><strong>PROPIETAT INTEL\u00b7LECTUAL I INDUSTRIAL<\/strong><\/p>\n<\/div>\n<div>\n<p>El lloc web, incloent a t\u00edtol enunciatiu per\u00f2 no limitatiu la seva programaci\u00f3, edici\u00f3, compilaci\u00f3 i altres elements necessaris per al seu funcionament, els dissenys, logotips, text i\/o gr\u00e0fics s\u00f3n propietat del prestador o en el seu cas disposa de llic\u00e8ncia o autoritzaci\u00f3 expressa per part dels autors.<br \/>\nTots els continguts del lloc web es troben degudament protegits per la normativa de propietat intel\u00b7lectual i industrial, aix\u00ed com inscrits en els registres p\u00fablics corresponents. <\/p>\n<\/div>\n<div>\n<p>Independentment de la finalitat per a la qual fossin destinats, la reproducci\u00f3 total o parcial, \u00fas, explotaci\u00f3, distribuci\u00f3 i comercialitzaci\u00f3, requereix en tot cas de l&#8217; autoritzaci\u00f3 escrita pr\u00e8via per part del prestador.<br \/>\nQualsevol \u00fas no autoritzat pr\u00e8viament per part del prestador ser\u00e0 considerat un incompliment greu dels drets de propietat intel\u00b7lectual o industrial de l&#8217;autor. <\/p>\n<\/div>\n<div>\n<p>Els dissenys, logotips, text i\/o gr\u00e0fics aliens al prestador i que poguessin apar\u00e8ixer al lloc web, pertanyen als seus respectius propietaris, sent ells mateixos responsables de qualsevol possible controv\u00e8rsia que pogu\u00e9s suscitar-se respecte als mateixos.<br \/>\nEn tot cas, el prestador compta amb l&#8217; autoritzaci\u00f3 expressa i pr\u00e8via per part dels mateixos. <\/p>\n<\/div>\n<div>El prestador reconeix a favor dels seus titulars els corresponents drets de propietat industrial i intel\u00b7lectual, no implicant la seva sola menci\u00f3 o aparici\u00f3 en el lloc web l&#8217;exist\u00e8ncia de drets o cap responsabilitat del prestador sobre els mateixos, com tampoc recolzament, patrocini o recomanaci\u00f3 per part del mateix.<\/div>\n<div>\n<p>Per realitzar qualsevol tipus d&#8217;observaci\u00f3 respecte a possibles incompliments dels drets de propietat intel\u00b7lectual o industrial, aix\u00ed com sobre qualsevol dels continguts del lloc web, pot fer-ho a trav\u00e9s del seg\u00fcent correu electr\u00f2nic.<\/p>\n<\/div>\n<div>\n<p><strong>LLEI APLICABLE I JURISDICCI\u00d3<\/strong><\/p>\n<\/div>\n<div>Per a la resoluci\u00f3 de totes les controv\u00e8rsies o q\u00fcestions relacionades amb el present lloc web o de les activitats en ell desenvolupades, ser\u00e0 d&#8217;aplicaci\u00f3 la legislaci\u00f3 espanyola, a la qual se sotmeten expressament les parts, sent competents per a la resoluci\u00f3 de tots els conflictes derivats o relacionats amb el seu \u00fas els Jutjats i Tribunals de Barcelona.<\/div>\n\t\t\t\t\t\t\t\t<\/div>\n\t\t\t\t\t<\/div>\n\t\t<\/div>\n\t\t\t\t\t<\/div>\n\t\t<\/section>\n\t\t\t\t<section class=\"elementor-section elementor-top-section elementor-element elementor-element-50c54f3 elementor-section-boxed elementor-section-height-default elementor-section-height-default\" data-id=\"50c54f3\" data-element_type=\"section\">\n\t\t\t\t\t\t<div class=\"elementor-container elementor-column-gap-default\">\n\t\t\t\t\t<div class=\"elementor-column elementor-col-100 elementor-top-column elementor-element elementor-element-c5380c3\" data-id=\"c5380c3\" data-element_type=\"column\">\n\t\t\t<div class=\"elementor-widget-wrap elementor-element-populated\">\n\t\t\t\t\t\t<div class=\"elementor-element elementor-element-8db4158 elementor-widget elementor-widget-spacer\" data-id=\"8db4158\" data-element_type=\"widget\" data-widget_type=\"spacer.default\">\n\t\t\t\t\t\t\t<div class=\"elementor-spacer\">\n\t\t\t<div class=\"elementor-spacer-inner\"><\/div>\n\t\t<\/div>\n\t\t\t\t\t\t<\/div>\n\t\t\t\t\t<\/div>\n\t\t<\/div>\n\t\t\t\t\t<\/div>\n\t\t<\/section>\n\t\t\t\t<\/div>\n\t\t","protected":false},"excerpt":{"rendered":"<p>Denominaci\u00f3 Social: LAURA DANIELA ALAMARU Nom Comercial: L&#8217; amfitriona Domicili Social: Av Flora Cadena, 11, baixos, 25594, Rialp, Lleida CIF \/ NIF: Y0357268T Tel\u00e8fon: 642 142 040 E-mail: info@lamfitriona.com OBJECTE El prestador, responsable del lloc web, posa a disposici\u00f3 dels usuaris el present document amb el qual pret\u00e9n donar compliment a les obligacions disposades en [&hellip;]<\/p>\n","protected":false},"author":4,"featured_media":0,"parent":0,"menu_order":0,"comment_status":"closed","ping_status":"closed","template":"elementor_header_footer","meta":{"_acf_changed":false,"_joinchat":[],"footnotes":""},"class_list":["post-6284","page","type-page","status-publish","hentry"],"acf":[],"_links":{"self":[{"href":"https:\/\/lamfitriona.com\/ca\/wp-json\/wp\/v2\/pages\/6284","targetHints":{"allow":["GET"]}}],"collection":[{"href":"https:\/\/lamfitriona.com\/ca\/wp-json\/wp\/v2\/pages"}],"about":[{"href":"https:\/\/lamfitriona.com\/ca\/wp-json\/wp\/v2\/types\/page"}],"author":[{"embeddable":true,"href":"https:\/\/lamfitriona.com\/ca\/wp-json\/wp\/v2\/users\/4"}],"replies":[{"embeddable":true,"href":"https:\/\/lamfitriona.com\/ca\/wp-json\/wp\/v2\/comments?post=6284"}],"version-history":[{"count":6,"href":"https:\/\/lamfitriona.com\/ca\/wp-json\/wp\/v2\/pages\/6284\/revisions"}],"predecessor-version":[{"id":16771,"href":"https:\/\/lamfitriona.com\/ca\/wp-json\/wp\/v2\/pages\/6284\/revisions\/16771"}],"wp:attachment":[{"href":"https:\/\/lamfitriona.com\/ca\/wp-json\/wp\/v2\/media?parent=6284"}],"curies":[{"name":"wp","href":"https:\/\/api.w.org\/{rel}","templated":true}]}}

Avís Legal

<div data-elementor-type="wp-page" data-elementor-id="6284" class="elementor elementor-6284 elementor-4512" data-elementor-post-type="page">
						<section class="elementor-section elementor-top-section elementor-element elementor-element-3715fc7 elementor-section-boxed elementor-section-height-default elementor-section-height-default" data-id="3715fc7" data-element_type="section">
						<div class="elementor-container elementor-column-gap-default">
					<div class="elementor-column elementor-col-100 elementor-top-column elementor-element elementor-element-f5a074a" data-id="f5a074a" data-element_type="column">
			<div class="elementor-widget-wrap elementor-element-populated">
						<div class="elementor-element elementor-element-5e1dab8 elementor-widget elementor-widget-spacer" data-id="5e1dab8" data-element_type="widget" data-widget_type="spacer.default">
							<div class="elementor-spacer">
			<div class="elementor-spacer-inner"></div>
		</div>
						</div>
					</div>
		</div>
					</div>
		</section>
				<section class="elementor-section elementor-top-section elementor-element elementor-element-05e1d98 elementor-section-boxed elementor-section-height-default elementor-section-height-default" data-id="05e1d98" data-element_type="section">
						<div class="elementor-container elementor-column-gap-default">
					<div class="elementor-column elementor-col-100 elementor-top-column elementor-element elementor-element-448a5ce" data-id="448a5ce" data-element_type="column">
			<div class="elementor-widget-wrap elementor-element-populated">
						<div class="elementor-element elementor-element-0d88e1f elementor-widget elementor-widget-text-editor" data-id="0d88e1f" data-element_type="widget" data-widget_type="text-editor.default">
									<div>Denominació Social: LAURA DANIELA ALAMARU</div>
<div>Nom Comercial: L&#8217; amfitriona</div>
<div>Domicili Social: Av Flora Cadena, 11, baixos, 25594, Rialp, Lleida</div>
<div>CIF / NIF: Y0357268T</div>
<div>Telèfon: <a href="tel: 642%20142%20040">642 142 040</a></div>
<div>
<p>E-mail: <a href="mailto:info@lamfitriona.com">info@lamfitriona.com</a></p>
</div>
<div>
<p><strong>OBJECTE</strong></p>
</div>
<div>El prestador, responsable del lloc web, posa a disposició dels usuaris el present document amb el qual pretén donar compliment a les obligacions disposades en la Llei 34/2002, de Serveis de la Societat de la Informació i del Comerç Electrònic (LSSI-CE), així com informar a tots els usuaris del lloc web respecte a quines són les condicions d&#8217;ús del lloc web.</div>
<div>Tota persona que accedeixi a aquest lloc web assumeix el paper d&#8217;usuari, comprometent-se a l&#8217;observança i compliment rigorós de les disposicions aquí disposades, així com a qualssevol una altra disposició legal que fos d&#8217;aplicació.</div>
<div>
<p>El prestador es reserva el dret a modificar qualsevol tipus d&#8217;informació que pogués aparèixer al lloc web, sense que hi hagi obligació de preavisar o posar en coneixement dels usuaris aquestes obligacions, entenent-se com a suficient amb la publicació al lloc web del prestador.</p>
</div>
<div>
<p><strong>RESPONSABILITAT</strong></p>
</div>
<div>El prestador s&#8217;eximeix de qualsevol tipus de responsabilitat derivada de la informació publicada al seu lloc web, sempre que aquesta informació hagi estat manipulada o introduïda per un tercer aliè al mateix.</div>
<div>
<p>El lloc web del prestador pot utilitzar cookies (petits arxius d&#8217;informació que el servidor envia a l&#8217;ordinador de qui accedeix a la pàgina) per dur a terme determinades funcions que són considerades imprescindibles per al correcte funcionament i visualització del lloc.<br />
Les cookies utilitzades en el lloc web tenen, en tot cas, caràcter temporal amb l&#8217;única finalitat de fer més eficaç la seva transmissió ulterior i desapareixen en acabar la sessió de l&#8217;usuari.<br />
En cap cas s&#8217;utilitzaran les cookies per recollir informació de caràcter personal, veure <a href="https://lamfitriona.com/ca/politica-de-cookies/">informació cookies.</a>  </p>
</div>
<div>
<p>Des del lloc web del client és possible que es redirigi a continguts de tercers llocs web.<br />
Atès que el prestador no pot controlar sempre els continguts introduïts pels tercers en els seus llocs web, aquest no assumeix cap tipus de responsabilitat respecte a aquests continguts.<br />
En tot cas, el prestador manifesta que procedirà a la retirada immediata de qualsevol contingut que pogués contravenir la legislació nacional o internacional, la moral o l&#8217;ordre públic, procedint a la retirada immediata de la redirecció a aquest lloc web, posant en coneixement de les autoritats competents el contingut en qüestió.  </p>
</div>
<div>
<p>El prestador no es fa responsable de la informació i continguts emmagatzemats, a títol enunciatiu però no limitatiu, en fòrums, xats, generadors de blogs, comentaris, xarxes socials o qualsevol altre mitjà que permeti a tercers publicar continguts de forma independent a la pàgina web del prestador.<br />
No obstant això i en compliment del que disposa l&#8217; art. ~ ~ ~ 11 i 16 de la LSSI-CE, el prestador es posa a disposició de tots els usuaris, autoritats i forces de seguretat, i col.laborant de forma activa en la retirada o en el seu cas bloqueig de tots aquells continguts que poguessin afectar o contravenir la legislació nacional,  o internacional, drets de tercers o la moral i l&#8217;ordre públic.<br />
En cas que l&#8217;usuari consideri que existeix al lloc web algun contingut que pogués ser susceptible d&#8217;aquesta classificació, es prega ho notifiqui de forma immediata a l&#8217;administrador del lloc web.  </p>
</div>
<div>
<p>Aquest lloc web ha estat revisat i provat perquè funcioni correctament.<br />
En principi, es pot garantir el correcte funcionament els 365 dies de l&#8217; any, 24 hores al dia.<br />
No obstant això, el prestador no descarta la possibilitat que hi hagi certs errors de programació, o que s&#8217;esdevinguin causes de força major, catàstrofes naturals, vagues, o circumstàncies semblants que facin impossible l&#8217;accés a la pàgina web.  </p>
</div>
<div>
<p><strong>PROTECCIÓ DE DADES PERSONALS</strong></p>
</div>
<div>
<p>El prestador es troba profundament compromès amb el compliment de la normativa espanyola de protecció de dades de caràcter personal, i garanteix el compliment íntegre de les obligacions de la Llei Orgànica 3/2018, de 5 de desembre, de Protecció de Dades Personals i garantia dels drets digitals, així com la implementació de les mesures de seguretat disposades en el REGLAMENT (UE) 2016/679 DEL PARLAMENT EUROPEU I DEL CONSELL de 27 d&#8217;abril de 2016 relatiu a la protecció de les persones físiques pel que fa al tractament de dades personals i a la lliure circulació d&#8217;aquestes dades (RGPD).<br />
El prestador posa a disposició dels usuaris la Política de Privacitat de l&#8217; entitat informant els usuaris segons l&#8217; especificat als articles 13 i 14 del RGPD, relatius al dret d&#8217; informació de les persones interessades. </p>
</div>
<div>
<p><strong>PROPIETAT INTEL·LECTUAL I INDUSTRIAL</strong></p>
</div>
<div>
<p>El lloc web, incloent a títol enunciatiu però no limitatiu la seva programació, edició, compilació i altres elements necessaris per al seu funcionament, els dissenys, logotips, text i/o gràfics són propietat del prestador o en el seu cas disposa de llicència o autorització expressa per part dels autors.<br />
Tots els continguts del lloc web es troben degudament protegits per la normativa de propietat intel·lectual i industrial, així com inscrits en els registres públics corresponents. </p>
</div>
<div>
<p>Independentment de la finalitat per a la qual fossin destinats, la reproducció total o parcial, ús, explotació, distribució i comercialització, requereix en tot cas de l&#8217; autorització escrita prèvia per part del prestador.<br />
Qualsevol ús no autoritzat prèviament per part del prestador serà considerat un incompliment greu dels drets de propietat intel·lectual o industrial de l&#8217;autor. </p>
</div>
<div>
<p>Els dissenys, logotips, text i/o gràfics aliens al prestador i que poguessin aparèixer al lloc web, pertanyen als seus respectius propietaris, sent ells mateixos responsables de qualsevol possible controvèrsia que pogués suscitar-se respecte als mateixos.<br />
En tot cas, el prestador compta amb l&#8217; autorització expressa i prèvia per part dels mateixos. </p>
</div>
<div>El prestador reconeix a favor dels seus titulars els corresponents drets de propietat industrial i intel·lectual, no implicant la seva sola menció o aparició en el lloc web l&#8217;existència de drets o cap responsabilitat del prestador sobre els mateixos, com tampoc recolzament, patrocini o recomanació per part del mateix.</div>
<div>
<p>Per realitzar qualsevol tipus d&#8217;observació respecte a possibles incompliments dels drets de propietat intel·lectual o industrial, així com sobre qualsevol dels continguts del lloc web, pot fer-ho a través del següent correu electrònic.</p>
</div>
<div>
<p><strong>LLEI APLICABLE I JURISDICCIÓ</strong></p>
</div>
<div>Per a la resolució de totes les controvèrsies o qüestions relacionades amb el present lloc web o de les activitats en ell desenvolupades, serà d&#8217;aplicació la legislació espanyola, a la qual se sotmeten expressament les parts, sent competents per a la resolució de tots els conflictes derivats o relacionats amb el seu ús els Jutjats i Tribunals de Barcelona.</div>
								</div>
					</div>
		</div>
					</div>
		</section>
				<section class="elementor-section elementor-top-section elementor-element elementor-element-50c54f3 elementor-section-boxed elementor-section-height-default elementor-section-height-default" data-id="50c54f3" data-element_type="section">
						<div class="elementor-container elementor-column-gap-default">
					<div class="elementor-column elementor-col-100 elementor-top-column elementor-element elementor-element-c5380c3" data-id="c5380c3" data-element_type="column">
			<div class="elementor-widget-wrap elementor-element-populated">
						<div class="elementor-element elementor-element-8db4158 elementor-widget elementor-widget-spacer" data-id="8db4158" data-element_type="widget" data-widget_type="spacer.default">
							<div class="elementor-spacer">
			<div class="elementor-spacer-inner"></div>
		</div>
						</div>
					</div>
		</div>
					</div>
		</section>
				</div>

<p>Denominació Social: LAURA DANIELA ALAMARU Nom Comercial: L&#8217; amfitriona Domicili Social: Av Flora Cadena, 11, baixos, 25594, Rialp, Lleida CIF / NIF: Y0357268T Telèfon: 642 142 040 E-mail: info@lamfitriona.com OBJECTE El prestador, responsable del lloc web, posa a disposició dels usuaris el present document amb el qual pretén donar compliment a les obligacions disposades en [&hellip;]</p>
