{"id":16811,"date":"2024-07-22T18:42:30","date_gmt":"2024-07-22T18:42:30","guid":{"rendered":"https:\/\/www.lamfitriona.com\/producto\/sense categoria\/lloguer-de-temporada-a-rialp\/"},"modified":"2024-07-22T18:42:30","modified_gmt":"2024-07-22T18:42:30","slug":"lloguer-de-temporada-a-rialp","status":"publish","type":"product","link":"https:\/\/lamfitriona.com\/ca\/producto\/pallars-sobira-ca-2\/lloguer-de-temporada-a-rialp\/","title":{"rendered":"Lloguer de Temporada a Rialp"},"content":{"rendered":"<div class=\"_tp3sbt\">\n<div><span class=\"lrl13de atm_kd_19r6f69_24z95b atm_kd_19r6f69_1xbvphn_1oszvuo dir dir-ltr\">Lloguer de temporada al centre de Rialp, al Pallars Sobir\u00e0.<br \/>\nLa seva ubicaci\u00f3 fa possible estar a prop dels indrets m\u00e9s emblem\u00e0tics de la zona com a excursions pel Parc Nacional d&#8217; Aiguestortes, Parc Natural de l&#8217; Alt Pirineu, la Vall d&#8217; Assua, etc.<br \/>\nPer als amants de l&#8217;esqu\u00ed es troba a 15 minuts de l&#8217;estaci\u00f3 d&#8217;esqu\u00ed de Port Ain\u00e9.  <\/span><\/div>\n<\/div>\n<div class=\"_tp3sbt\">\n<div>\n<div class=\"_gt7myn\">\n<p class=\"hpipapi atm_7l_1kw7nm4 atm_c8_1x4eueo atm_cs_1kw7nm4 atm_g3_1kw7nm4 atm_gi_idpfg4 atm_l8_idpfg4 atm_kd_idpfg4_pfnrn2 dir dir-ltr\" tabindex=\"-1\"><span style=\"text-decoration: underline;\"><strong>Altres aspectes destacables<\/strong><\/span><\/p>\n<\/div>\n<p><span class=\"lrl13de atm_kd_19r6f69_24z95b atm_kd_19r6f69_1xbvphn_1oszvuo dir dir-ltr\">* S&#8217; admeten mascotes.<br \/>\nPot comportar un petit suplement *No s&#8217;admeten festes *Cobrem fian\u00e7a a l&#8217;entrada a l&#8217;apartament, que ser\u00e0 retornada a la sortida <\/span><\/div>\n<\/div>\n","protected":false},"excerpt":{"rendered":"<div class=\"_tp3sbt\"><\/div>\n<div class=\"_tp3sbt\">\n<div><span class=\"lrl13de atm_kd_19r6f69_24z95b atm_kd_19r6f69_1xbvphn_1oszvuo dir dir-ltr\">Apartament totalment equipat per a una llarga estada.<br \/>\nFormat per dues habitacions matrimonials i dues habitacions individuals.<br \/>\nA banda disposa de 2 banys complets, cuina i menjador.<br \/>\nApartament disposa de Wifi, balc\u00f3 i ascensor!<br \/>\nEs pot aparcar amb facilitat a prop.    <\/span><\/div>\n<\/div>\n","protected":false},"featured_media":16006,"template":"","meta":{"_acf_changed":false,"_joinchat":[]},"product_brand":[],"product_cat":[113,60],"product_tag":[95],"class_list":{"0":"post-16811","1":"product","2":"type-product","3":"status-publish","4":"has-post-thumbnail","6":"product_cat-apartamento-temporada-ca","7":"product_cat-pallars-sobira-ca-2","8":"product_tag-temporada-rialp","10":"first","11":"instock","12":"shipping-taxable","13":"product-type-simple"},"acf":[],"_links":{"self":[{"href":"https:\/\/lamfitriona.com\/ca\/wp-json\/wp\/v2\/product\/16811","targetHints":{"allow":["GET"]}}],"collection":[{"href":"https:\/\/lamfitriona.com\/ca\/wp-json\/wp\/v2\/product"}],"about":[{"href":"https:\/\/lamfitriona.com\/ca\/wp-json\/wp\/v2\/types\/product"}],"version-history":[{"count":0,"href":"https:\/\/lamfitriona.com\/ca\/wp-json\/wp\/v2\/product\/16811\/revisions"}],"wp:featuredmedia":[{"embeddable":true,"href":"https:\/\/lamfitriona.com\/ca\/wp-json\/wp\/v2\/media\/16006"}],"wp:attachment":[{"href":"https:\/\/lamfitriona.com\/ca\/wp-json\/wp\/v2\/media?parent=16811"}],"wp:term":[{"taxonomy":"product_brand","embeddable":true,"href":"https:\/\/lamfitriona.com\/ca\/wp-json\/wp\/v2\/product_brand?post=16811"},{"taxonomy":"product_cat","embeddable":true,"href":"https:\/\/lamfitriona.com\/ca\/wp-json\/wp\/v2\/product_cat?post=16811"},{"taxonomy":"product_tag","embeddable":true,"href":"https:\/\/lamfitriona.com\/ca\/wp-json\/wp\/v2\/product_tag?post=16811"}],"curies":[{"name":"wp","href":"https:\/\/api.w.org\/{rel}","templated":true}]}}

<div class="_tp3sbt">
<div><span class="lrl13de atm_kd_19r6f69_24z95b atm_kd_19r6f69_1xbvphn_1oszvuo dir dir-ltr">Lloguer de temporada al centre de Rialp, al Pallars Sobirà.<br />
La seva ubicació fa possible estar a prop dels indrets més emblemàtics de la zona com a excursions pel Parc Nacional d&#8217; Aiguestortes, Parc Natural de l&#8217; Alt Pirineu, la Vall d&#8217; Assua, etc.<br />
Per als amants de l&#8217;esquí es troba a 15 minuts de l&#8217;estació d&#8217;esquí de Port Ainé.  </span></div>
</div>
<div class="_tp3sbt">
<div>
<div class="_gt7myn">
<p class="hpipapi atm_7l_1kw7nm4 atm_c8_1x4eueo atm_cs_1kw7nm4 atm_g3_1kw7nm4 atm_gi_idpfg4 atm_l8_idpfg4 atm_kd_idpfg4_pfnrn2 dir dir-ltr" tabindex="-1"><span style="text-decoration: underline;"><strong>Altres aspectes destacables</strong></span></p>
</div>
<p><span class="lrl13de atm_kd_19r6f69_24z95b atm_kd_19r6f69_1xbvphn_1oszvuo dir dir-ltr">* S&#8217; admeten mascotes.<br />
Pot comportar un petit suplement *No s&#8217;admeten festes *Cobrem fiança a l&#8217;entrada a l&#8217;apartament, que serà retornada a la sortida </span></div>
</div>

<div class="_tp3sbt"></div>
<div class="_tp3sbt">
<div><span class="lrl13de atm_kd_19r6f69_24z95b atm_kd_19r6f69_1xbvphn_1oszvuo dir dir-ltr">Apartament totalment equipat per a una llarga estada.<br />
Format per dues habitacions matrimonials i dues habitacions individuals.<br />
A banda disposa de 2 banys complets, cuina i menjador.<br />
Apartament disposa de Wifi, balcó i ascensor!<br />
Es pot aparcar amb facilitat a prop.    </span></div>
</div>
