{"id":16812,"date":"2024-07-22T16:48:13","date_gmt":"2024-07-22T15:48:13","guid":{"rendered":"https:\/\/www.lamfitriona.com\/producto\/sense categoria\/cal-mestre\/"},"modified":"2024-07-22T16:48:13","modified_gmt":"2024-07-22T16:48:13","slug":"cal-mestre","status":"publish","type":"product","link":"https:\/\/lamfitriona.com\/ca\/producto\/apartamentos-ca-2\/cal-mestre\/","title":{"rendered":"Cal Mestre"},"content":{"rendered":"<p>Apartament c\u00e8ntric amb vistes al riu de la Noguera Pallaresa.<br \/>\nPerfecte per a fam\u00edlia o grups d&#8217;amics que venen a gaudir de la zona i les nombroses activitats que es poden realitzar, com per exemple: senderisme, r\u00e0fting, barranquisme o altres tipus d&#8217;esports d&#8217;aventura.<br \/>\nProp dels indrets m\u00e9s emblem\u00e0tics de la zona, a tan sols 10 minuts del Parc Natural de l&#8217;Alt Pirineu i 30 minuts del Parc Nacional d&#8217;Aig\u00fcestortes    <\/p>\n<div class=\"_tp3sbt\">\n<div>\n<div class=\"_gt7myn\">\n<p class=\"hpipapi atm_7l_1kw7nm4 atm_c8_1x4eueo atm_cs_1kw7nm4 atm_g3_1kw7nm4 atm_gi_idpfg4 atm_l8_idpfg4 atm_kd_idpfg4_pfnrn2 dir dir-ltr\" tabindex=\"-1\"><span style=\"text-decoration: underline;\"><strong>Altres aspectes destacables<\/strong><\/span><\/p>\n<\/div>\n<p><span class=\"lrl13de atm_kd_19r6f69_24z95b atm_kd_19r6f69_1xbvphn_1oszvuo dir dir-ltr\">*Taxa tur\u00edstica d&#8217;1\u20ac per persona major de 16 anys i nit no inclosa *S&#8217;accepten mascotes.<br \/>\nComporta un petit suplement *No s&#8217;admeten festes <\/span>  *Es cobra una fian\u00e7a de 100\u20ac que ser\u00e0 retornada a la sortida  <\/div>\n<\/div>\n<div class=\"_tp3sbt\">\n<div>\n<div class=\"_gt7myn\">\n<p class=\"hpipapi atm_7l_1kw7nm4 atm_c8_1x4eueo atm_cs_1kw7nm4 atm_g3_1kw7nm4 atm_gi_idpfg4 atm_l8_idpfg4 atm_kd_idpfg4_pfnrn2 dir dir-ltr\" tabindex=\"-1\"><strong><span style=\"text-decoration: underline;\">N\u00famero de registre<\/span><\/strong><\/p>\n<\/div>\n<p><span class=\"lrl13de atm_kd_19r6f69_24z95b atm_kd_19r6f69_1xbvphn_1oszvuo dir dir-ltr\">HUTL-059176<\/span><\/p>\n<\/div>\n<\/div>\n","protected":false},"excerpt":{"rendered":"<p>L&#8217;apartament est\u00e0 format per una habitaci\u00f3 matrimonial gran, una altra habitaci\u00f3 amb dos llits individuals, sal\u00f3 amb xemeneia i vistes al riu La Noguera Pallaresa, cuina.<br \/>\nL&#8217;apartament pot ser per a 5 persones ja que disposa d&#8217;un llit suplet\u00f2ria.<br \/>\nTamb\u00e9 disposa de pla\u00e7a de p\u00e0rquing privada dins del mateix edifici.  <\/p>\n","protected":false},"featured_media":15799,"template":"","meta":{"_acf_changed":false,"_joinchat":[]},"product_brand":[],"product_cat":[58,60],"product_tag":[86],"class_list":{"0":"post-16812","1":"product","2":"type-product","3":"status-publish","4":"has-post-thumbnail","6":"product_cat-apartamentos-ca-2","7":"product_cat-pallars-sobira-ca-2","8":"product_tag-mestre","10":"first","11":"instock","12":"shipping-taxable","13":"product-type-simple"},"acf":[],"_links":{"self":[{"href":"https:\/\/lamfitriona.com\/ca\/wp-json\/wp\/v2\/product\/16812","targetHints":{"allow":["GET"]}}],"collection":[{"href":"https:\/\/lamfitriona.com\/ca\/wp-json\/wp\/v2\/product"}],"about":[{"href":"https:\/\/lamfitriona.com\/ca\/wp-json\/wp\/v2\/types\/product"}],"version-history":[{"count":0,"href":"https:\/\/lamfitriona.com\/ca\/wp-json\/wp\/v2\/product\/16812\/revisions"}],"wp:featuredmedia":[{"embeddable":true,"href":"https:\/\/lamfitriona.com\/ca\/wp-json\/wp\/v2\/media\/15799"}],"wp:attachment":[{"href":"https:\/\/lamfitriona.com\/ca\/wp-json\/wp\/v2\/media?parent=16812"}],"wp:term":[{"taxonomy":"product_brand","embeddable":true,"href":"https:\/\/lamfitriona.com\/ca\/wp-json\/wp\/v2\/product_brand?post=16812"},{"taxonomy":"product_cat","embeddable":true,"href":"https:\/\/lamfitriona.com\/ca\/wp-json\/wp\/v2\/product_cat?post=16812"},{"taxonomy":"product_tag","embeddable":true,"href":"https:\/\/lamfitriona.com\/ca\/wp-json\/wp\/v2\/product_tag?post=16812"}],"curies":[{"name":"wp","href":"https:\/\/api.w.org\/{rel}","templated":true}]}}

<p>Apartament cèntric amb vistes al riu de la Noguera Pallaresa.<br />
Perfecte per a família o grups d&#8217;amics que venen a gaudir de la zona i les nombroses activitats que es poden realitzar, com per exemple: senderisme, ràfting, barranquisme o altres tipus d&#8217;esports d&#8217;aventura.<br />
Prop dels indrets més emblemàtics de la zona, a tan sols 10 minuts del Parc Natural de l&#8217;Alt Pirineu i 30 minuts del Parc Nacional d&#8217;Aigüestortes    </p>
<div class="_tp3sbt">
<div>
<div class="_gt7myn">
<p class="hpipapi atm_7l_1kw7nm4 atm_c8_1x4eueo atm_cs_1kw7nm4 atm_g3_1kw7nm4 atm_gi_idpfg4 atm_l8_idpfg4 atm_kd_idpfg4_pfnrn2 dir dir-ltr" tabindex="-1"><span style="text-decoration: underline;"><strong>Altres aspectes destacables</strong></span></p>
</div>
<p><span class="lrl13de atm_kd_19r6f69_24z95b atm_kd_19r6f69_1xbvphn_1oszvuo dir dir-ltr">*Taxa turística d&#8217;1€ per persona major de 16 anys i nit no inclosa *S&#8217;accepten mascotes.<br />
Comporta un petit suplement *No s&#8217;admeten festes </span>  *Es cobra una fiança de 100€ que serà retornada a la sortida  </div>
</div>
<div class="_tp3sbt">
<div>
<div class="_gt7myn">
<p class="hpipapi atm_7l_1kw7nm4 atm_c8_1x4eueo atm_cs_1kw7nm4 atm_g3_1kw7nm4 atm_gi_idpfg4 atm_l8_idpfg4 atm_kd_idpfg4_pfnrn2 dir dir-ltr" tabindex="-1"><strong><span style="text-decoration: underline;">Número de registre</span></strong></p>
</div>
<p><span class="lrl13de atm_kd_19r6f69_24z95b atm_kd_19r6f69_1xbvphn_1oszvuo dir dir-ltr">HUTL-059176</span></p>
</div>
</div>

<p>L&#8217;apartament està format per una habitació matrimonial gran, una altra habitació amb dos llits individuals, saló amb xemeneia i vistes al riu La Noguera Pallaresa, cuina.<br />
L&#8217;apartament pot ser per a 5 persones ja que disposa d&#8217;un llit supletòria.<br />
També disposa de plaça de pàrquing privada dins del mateix edifici.  </p>
