{"id":16813,"date":"2024-07-29T15:51:59","date_gmt":"2024-07-29T15:51:59","guid":{"rendered":"https:\/\/www.lamfitriona.com\/producto\/sense categoria\/el-niu-despot\/"},"modified":"2024-07-29T15:51:59","modified_gmt":"2024-07-29T15:51:59","slug":"el-niu-despot","status":"publish","type":"product","link":"https:\/\/lamfitriona.com\/ca\/producto\/apartamentos-ca-2\/el-niu-despot\/","title":{"rendered":"El Niu d&#8217;Espot"},"content":{"rendered":"<div class=\"_tp3sbt\">\n<div>\n<p><span class=\"lrl13de atm_kd_19r6f69_24z95b atm_kd_19r6f69_1xbvphn_1oszvuo dir dir-ltr\">Preus apartament nou renovat, ubicat a l&#8217;entrada del poble d&#8217;Espot, perfecte per realitzar excursions al Parc Nacional, gaudir de la muntanya i de la desconnexi\u00f3 a la zona, en fam\u00edlia, amics o parella.<\/span>  Localitzat just davant de l&#8217;oficina dels Taxis per pujar al Parc Nacional i davant de la piscina municipal totalment gratu\u00efta per gaudir en els mesos d&#8217;estiu.  <\/div>\n<\/div>\n<div class=\"_tp3sbt\">\n<div>\n<div class=\"_gt7myn\">\n<p class=\"hpipapi atm_7l_1kw7nm4 atm_c8_1x4eueo atm_cs_1kw7nm4 atm_g3_1kw7nm4 atm_gi_idpfg4 atm_l8_idpfg4 atm_kd_idpfg4_pfnrn2 dir dir-ltr\" tabindex=\"-1\"><strong>Altres aspectes destacables<\/strong><\/p>\n<\/div>\n<p><span class=\"lrl13de atm_kd_19r6f69_24z95b atm_kd_19r6f69_1xbvphn_1oszvuo dir dir-ltr\">*Taxa tur\u00edstica d&#8217;1\u20ac per persona major de 16 anys i nit no inclosa en la tarifa de l&#8217;estada<\/span><span class=\"lrl13de atm_kd_19r6f69_24z95b atm_kd_19r6f69_1xbvphn_1oszvuo dir dir-ltr\">*No s&#8217;accepten mascotes<\/span><span class=\"lrl13de atm_kd_19r6f69_24z95b atm_kd_19r6f69_1xbvphn_1oszvuo dir dir-ltr\">*No s&#8217;admeten festes<\/span><span class=\"lrl13de atm_kd_19r6f69_24z95b atm_kd_19r6f69_1xbvphn_1oszvuo dir dir-ltr\">*Es cobra una fian\u00e7a de 100\u20ac a l&#8217;entrada, que ser\u00e0 retornada a la sortida<\/span><\/p>\n<\/div>\n<\/div>\n","protected":false},"excerpt":{"rendered":"<p>Modern i c\u00f2mode, amb precioses vistes a les muntanyes i a les valls.<br \/>\nL&#8217;apartament est\u00e0 format per dues habitacions amb llit gran mida Queen , una altra habitaci\u00f3 amb llit matrimonial, dos banys complets amb dutxa, cuina totalment equipada i menjador amb balc\u00f3 i xemeneia.<br \/>\nLa roba de llit i tovalloles estan incloses, disposa de p\u00e0rquing lliure i p\u00fablic just davant de l&#8217;edifici, i de piscina municipal totalment gratu\u00efta.<br \/>\nTamb\u00e9 hi ha wifi i estris de cuina i equipament i electrodom\u00e8stics com: cafetera, forn, torradora, bullidor d&#8217; aigua, rentadora, rentaplats, etc.   <\/p>\n","protected":false},"featured_media":16554,"template":"","meta":{"_acf_changed":false,"_joinchat":[]},"product_brand":[],"product_cat":[58,60],"product_tag":[101],"class_list":{"0":"post-16813","1":"product","2":"type-product","3":"status-publish","4":"has-post-thumbnail","6":"product_cat-apartamentos-ca-2","7":"product_cat-pallars-sobira-ca-2","8":"product_tag-nido","10":"first","11":"instock","12":"shipping-taxable","13":"product-type-simple"},"acf":[],"_links":{"self":[{"href":"https:\/\/lamfitriona.com\/ca\/wp-json\/wp\/v2\/product\/16813","targetHints":{"allow":["GET"]}}],"collection":[{"href":"https:\/\/lamfitriona.com\/ca\/wp-json\/wp\/v2\/product"}],"about":[{"href":"https:\/\/lamfitriona.com\/ca\/wp-json\/wp\/v2\/types\/product"}],"version-history":[{"count":0,"href":"https:\/\/lamfitriona.com\/ca\/wp-json\/wp\/v2\/product\/16813\/revisions"}],"wp:featuredmedia":[{"embeddable":true,"href":"https:\/\/lamfitriona.com\/ca\/wp-json\/wp\/v2\/media\/16554"}],"wp:attachment":[{"href":"https:\/\/lamfitriona.com\/ca\/wp-json\/wp\/v2\/media?parent=16813"}],"wp:term":[{"taxonomy":"product_brand","embeddable":true,"href":"https:\/\/lamfitriona.com\/ca\/wp-json\/wp\/v2\/product_brand?post=16813"},{"taxonomy":"product_cat","embeddable":true,"href":"https:\/\/lamfitriona.com\/ca\/wp-json\/wp\/v2\/product_cat?post=16813"},{"taxonomy":"product_tag","embeddable":true,"href":"https:\/\/lamfitriona.com\/ca\/wp-json\/wp\/v2\/product_tag?post=16813"}],"curies":[{"name":"wp","href":"https:\/\/api.w.org\/{rel}","templated":true}]}}

<div class="_tp3sbt">
<div>
<p><span class="lrl13de atm_kd_19r6f69_24z95b atm_kd_19r6f69_1xbvphn_1oszvuo dir dir-ltr">Preus apartament nou renovat, ubicat a l&#8217;entrada del poble d&#8217;Espot, perfecte per realitzar excursions al Parc Nacional, gaudir de la muntanya i de la desconnexió a la zona, en família, amics o parella.</span>  Localitzat just davant de l&#8217;oficina dels Taxis per pujar al Parc Nacional i davant de la piscina municipal totalment gratuïta per gaudir en els mesos d&#8217;estiu.  </div>
</div>
<div class="_tp3sbt">
<div>
<div class="_gt7myn">
<p class="hpipapi atm_7l_1kw7nm4 atm_c8_1x4eueo atm_cs_1kw7nm4 atm_g3_1kw7nm4 atm_gi_idpfg4 atm_l8_idpfg4 atm_kd_idpfg4_pfnrn2 dir dir-ltr" tabindex="-1"><strong>Altres aspectes destacables</strong></p>
</div>
<p><span class="lrl13de atm_kd_19r6f69_24z95b atm_kd_19r6f69_1xbvphn_1oszvuo dir dir-ltr">*Taxa turística d&#8217;1€ per persona major de 16 anys i nit no inclosa en la tarifa de l&#8217;estada</span><span class="lrl13de atm_kd_19r6f69_24z95b atm_kd_19r6f69_1xbvphn_1oszvuo dir dir-ltr">*No s&#8217;accepten mascotes</span><span class="lrl13de atm_kd_19r6f69_24z95b atm_kd_19r6f69_1xbvphn_1oszvuo dir dir-ltr">*No s&#8217;admeten festes</span><span class="lrl13de atm_kd_19r6f69_24z95b atm_kd_19r6f69_1xbvphn_1oszvuo dir dir-ltr">*Es cobra una fiança de 100€ a l&#8217;entrada, que serà retornada a la sortida</span></p>
</div>
</div>

<p>Modern i còmode, amb precioses vistes a les muntanyes i a les valls.<br />
L&#8217;apartament està format per dues habitacions amb llit gran mida Queen , una altra habitació amb llit matrimonial, dos banys complets amb dutxa, cuina totalment equipada i menjador amb balcó i xemeneia.<br />
La roba de llit i tovalloles estan incloses, disposa de pàrquing lliure i públic just davant de l&#8217;edifici, i de piscina municipal totalment gratuïta.<br />
També hi ha wifi i estris de cuina i equipament i electrodomèstics com: cafetera, forn, torradora, bullidor d&#8217; aigua, rentadora, rentaplats, etc.   </p>
